uppose -4*x = -7*x, -12 = 4*l + 2*x. Let f(c) = c**2 - 55*c + 347. Calculate the remainder when b(l) is divided by f(7).
7
Let i be 78/8 + (-2)/(-8). Let h(a) = i*a**2 - 2*a + 2*a - a. Calculate the remainder when h(1) is divided by 5.
4
Suppose 5*x - 58 = 27. Let r = 62 + -13. Calculate the remainder when r is divided by x.
15
Let h = -75 + 83. Suppose -u + h = n, 5*n - 2*u - 3*u = 90. What is the remainder when 2/(-4) - (-198)/4 is divided by n?
10
Let x(y) = -13*y + 11. Suppose 3*z = -8*d + 6*d - 5, 2*d + 9 = z. What is the remainder when 248 is divided by x(d)?
59
Let n(m) = -8*m**2 + 5*m**2 + m**2 + 7*m**2. Calculate the remainder when 5 is divided by n(-1).
0
Let z(h) = 24*h**2 - 34*h - 1. What is the remainder when 1969 is divided by z(2)?
25
Let p = 316 + -288. What is the remainder when 95 is divided by p?
11
Let f(u) = 85*u**3 + u**2 - 2*u + 2. Calculate the remainder when 1201 is divided by f(1).
83
What is the remainder when ((-24)/9)/((-4)/24) is divided by 5?
1
Let p(g) = 57*g + 24. What is the remainder when 884 is divided by p(0)?
20
What is the remainder when (-354)/(-9) + (-1)/3 is divided by 45/(-6)*(-48)/18?
19
Let z(o) = -52*o + 13. What is the remainder when z(-4) is divided by 28?
25
Suppose -5*m - 374 = 3*z - 895, 5*m - z = 533. Let x = -21 - -57. What is the remainder when m is divided by x?
34
Suppose 5*y = 5, 4*n - 54 + 12 = -2*y. Let t = n + 85. What is the remainder when t is divided by 24?
23
Let j(n) = 2*n**2 - 61*n + 22. What is the remainder when 150 is divided by j(31)?
44
Let l(s) = 2*s + 35. What is the remainder when l(13) is divided by 16?
13
Let c(t) = 27*t**2 - t. Let x be c(-2). Suppose 2*d = 2*j + x, -6*d = -d - 3*j - 267. Calculate the remainder when d is divided by 27.
24
Suppose 26 = 2*d - 4. Let c(g) = g**3 - 10*g**2 - 1. Let k be c(8). Let b = k - -187. Calculate the remainder when b is divided by d.
13
Calculate the remainder when 60 is divided by 16 + (-3 - (-20)/5).
9
Let i = -269 + 341. What is the remainder when i is divided by 25?
22
Let w(o) = 3*o + 43. Let q be ((-2)/(-3))/((-1)/15). Calculate the remainder when 38 is divided by w(q).
12
Let l = 12 - 8. Suppose 4*k = k - 9. Let u(n) = -n**3 - n**2 + 4*n - 1. What is the remainder when u(k) is divided by l?
1
Suppose -10 - 3 = 5*v + 2*w, -w = -1. Let m(j) = 4*j**2 + j + 7. What is the remainder when m(v) is divided by 11?
7
What is the remainder when 757 is divided by (-2904)/(-286) - (-4)/(-26)?
7
Calculate the remainder when 2/(-3) + (-1 - 385/(-15)) is divided by 11.
2
Suppose -4*z + 76 = -4*j, -45 - 31 = -4*z - 5*j. Suppose 4*l - 13 = z. Calculate the remainder when 23 is divided by l.
7
Let b(g) = g**2 - 5*g - 8. Let t(f) = -3*f + 1. Let z be t(-3). Let k = -3 - -14. What is the remainder when b(z) is divided by k?
9
Let t = 21 - 1. Suppose 3*b - 65 = -t. Calculate the remainder when 43 is divided by b.
13
Suppose -3*h - 888 = -4*a, 0 = -2*h + 4 + 4. Calculate the remainder when a is divided by 33.
27
Let r(j) = j + 9. Let a be (-3 - 1)*15/10. Suppose -20*t + 28 = -16*t. What is the remainder when t is divided by r(a)?
1
Let z(q) = q + 1. Let b be z(3). Suppose 0 = u - r + 2*r - 83, 3*r - 330 = -b*u. Calculate the remainder when u is divided by 42.
39
Let g be 2/(-8) + (-73)/(-4). Suppose 2*w + 2*j + 0*j = g, -4*w + 38 = 3*j. Let k = 6949 + -6942. What is the remainder when w is divided by k?
4
Suppose 12*n - 16*n - 300 = 0. Calculate the remainder when (-15)/n - 148/(-10) is divided by 3.
0
Let r = -55 - -58. Suppose 0*l - 7 = -2*k + 5*l, r*l = 5*k - 46. Calculate the remainder when 42 is divided by k.
9
Suppose -5*q = 2*s + 723, s - 4*s - 12 = 0. Let t = -46 - q. Suppose 0 = -l - 2, 0*u = 3*u + l - t. What is the remainder when u is divided by 17?
16
Let p = -155 + 170. Suppose 9*g - p*g = -108. Calculate the remainder when (6/(-4))/((-6)/208) is divided by g.
16
Let a(j) = 341*j - 7. Calculate the remainder when a(1) is divided by 24.
22
Let w(a) = -20*a - 768. What is the remainder when 990 is divided by w(-40)?
30
Suppose -8*u = -9*u + 7. Suppose u*f - 5*f - 2 = 0. Suppose q + f = 14. What is the remainder when 23 is divided by q?
10
Suppose 3*p + 205 = 5*v - 22, 41 = v - 5*p. What is the remainder when 125 is divided by v?
33
Suppose 6*d - 72 = -0*d. Suppose -4*j + 21 = -m, 3*m = -4*j + j + d. Calculate the remainder when 19 is divided by j.
4
Let y = 1427 + -1008. Calculate the remainder when y is divided by 28.
27
Let k be 16/6*(-147)/(-28). Suppose k = -5*h + 39. Suppose 0 = h*y - 64 + 19. Calculate the remainder when 16 is divided by y.
7
Suppose -w - 4*x = -7, -19 = 3*w + 5*x - 68. What is the remainder when 432 is divided by w?
18
Let i(v) = -2*v**2 - 18*v + 6. Let j(u) = u**2 - 2*u - 43. Let w be j(-5). Calculate the remainder when 106 is divided by i(w).
18
Suppose -2*k = -k - 4*v - 15, 2*k + 3*v - 41 = 0. Suppose -4*j + k + 161 = 0. What is the remainder when j is divided by 16?
13
Suppose 5*h = 3*h + 126. Let y = h + -22. What is the remainder when y is divided by 11?
8
Let z be 14/7*(2 - 0). Suppose 2*o = z*h + 1 - 33, -4*o + 24 = 3*h. Suppose g = 3*g - 4. What is the remainder when h is divided by g?
0
Suppose 3*x + 3*o - o - 42 = 0, 5*x + 3*o = 70. What is the remainder when x is divided by 9?
5
Suppose 0 = 5*j - x - 286, 3*j + 0*j = 3*x + 174. Calculate the remainder when j is divided by 15.
12
Let v(y) = -282*y**3 + 4*y**2 + y - 1. What is the remainder when v(-1) is divided by 57?
56
Let s(j) = 3*j**2 + 14*j + 9. Let z be s(-7). Suppose 3*a - z = -10. Let m(v) = 2*v - 3. What is the remainder when a is divided by m(6)?
7
Let s = -119 + 102. Let a = -10 + 18. Let p = a - s. Calculate the remainder when p is divided by 7.
4
Suppose 7*w - 16 = 19. Suppose -2*h - 8 = 0, 3*k - w*h + 8 = 5*k. What is the remainder when 82 is divided by k?
12
Let p = 6 + 13. Let f = -1092 - -1129. What is the remainder when f is divided by p?
18
Let a(u) = 4*u + 8. Let m be a(3). Suppose 4*h + 20 = -3*s + 58, -2*s = 5*h - 44. Calculate the remainder when 1/(2/4) + m is divided by h.
6
Suppose -2*c = -22 - 22. Suppose 2*v - 6 = 0, 2*v = 3*h + 2*h - 19. Calculate the remainder when c is divided by h.
2
Let q = -1171 + 1220. Calculate the remainder when 139 is divided by q.
41
Let u = 39 + -19. What is the remainder when 79 is divided by u?
19
Let t(v) = 24*v + 1. Suppose -6*j + j = -10. Calculate the remainder when t(j) is divided by 18.
13
Let b = 1027 + -765. What is the remainder when b is divided by 66?
64
Suppose 939 = 2*z - 4*o - 983, -2881 = -3*z + 4*o. What is the remainder when z is divided by 64?
63
Let s(x) = x**3 + 5*x**2 - x - 1. Let t(g) = g**2 + 3*g - 1. Let z be t(5). Let i be z/(-9) + 2/(-3). Calculate the remainder when 11 is divided by s(i).
3
Let r = 47 + -43. Suppose 0 = 3*v + r*j - 5, 4*v - 3*j + 4 = 19. What is the remainder when v is divided by 3?
0
Calculate the remainder when 109 is divided by (-2)/(0 + 14/(-203)).
22
Let y be 185*((-18)/(-5) + (-26)/13). Suppose -y = -7*z + 145. Calculate the remainder when z is divided by 22.
19
Let b = -183 - -231. Let i = -77 + 170. What is the remainder when i is divided by b?
45
Let a = -573 - -612. Calculate the remainder when 188 is divided by a.
32
Suppose 39 = 3*a + 21. Suppose -3*w + k - a*k = -91, -20 = -4*k. Calculate the remainder when w is divided by 12.
10
Let m = 174 - 125. Suppose -6*z + m + 119 = 0. Calculate the remainder when z is divided by 8.
4
Let k = -452 - -741. Suppose -t - 330 = -4*q + k, -3*q + 3*t = -471. Calculate the remainder when q is divided by 31.
30
Suppose 40 = 2*i + 3*i. Suppose j - i*j = -91. Calculate the remainder when 36 is divided by j.
10
Let i(k) = -k**3 - 11*k**2 - 11*k + 7. Let a be (-2)/12*2*-15. Suppose 4*o = -a*s + 121 + 39, 4*s - 128 = -o. What is the remainder when s is divided by i(-10)?
15
Suppose 16*m - 11*m = 50. Let t = m + -8. Suppose -3*w = -5*v - 48, -4*w + 0*w + 64 = t*v. Calculate the remainder when 29 is divided by w.
13
Suppose a + 73 = 5*m, 4*a - 38 = -2*m - 0*m. What is the remainder when 21 is divided by m?
6
Calculate the remainder when (-6)/33 - (7 - (-68128)/(-88)) is divided by 32.
31
Suppose 112 = 3*j + 22. Suppose 4*d - j = -2*d. What is the remainder when 18 is divided by d?
3
Suppose 464*q - 462*q - 3